{"id":1240,"date":"2023-09-19T12:11:24","date_gmt":"2023-09-19T10:11:24","guid":{"rendered":"http:\/\/angello-rogow.pl\/?page_id=1240"},"modified":"2023-09-19T12:12:10","modified_gmt":"2023-09-19T10:12:10","slug":"lokalizacja","status":"publish","type":"page","link":"http:\/\/angello-rogow.pl\/?page_id=1240","title":{"rendered":"Lokalizacja"},"content":{"rendered":"\t\t<div data-elementor-type=\"wp-page\" data-elementor-id=\"1240\" class=\"elementor elementor-1240\">\n\t\t\t\t\t\t\t<div class=\"elementor-element elementor-element-0adea08 e-flex e-con-boxed e-con e-parent\" data-id=\"0adea08\" data-element_type=\"container\" data-settings=\"{&quot;content_width&quot;:&quot;boxed&quot;}\" data-core-v316-plus=\"true\">\n\t\t\t\t\t<div class=\"e-con-inner\">\n\t\t\t\t<div class=\"elementor-element elementor-element-b42decd elementor-widget elementor-widget-heading\" data-id=\"b42decd\" data-element_type=\"widget\" data-widget_type=\"heading.default\">\n\t\t\t\t<div class=\"elementor-widget-container\">\n\t\t\t<style>\/*! elementor - v3.16.0 - 14-09-2023 *\/\n.elementor-heading-title{padding:0;margin:0;line-height:1}.elementor-widget-heading .elementor-heading-title[class*=elementor-size-]>a{color:inherit;font-size:inherit;line-height:inherit}.elementor-widget-heading .elementor-heading-title.elementor-size-small{font-size:15px}.elementor-widget-heading .elementor-heading-title.elementor-size-medium{font-size:19px}.elementor-widget-heading .elementor-heading-title.elementor-size-large{font-size:29px}.elementor-widget-heading .elementor-heading-title.elementor-size-xl{font-size:39px}.elementor-widget-heading .elementor-heading-title.elementor-size-xxl{font-size:59px}<\/style><h4 class=\"elementor-heading-title elementor-size-default\">Jak do nasz dojecha\u0107?<\/h4>\t\t<\/div>\n\t\t\t\t<\/div>\n\t\t\t\t\t<\/div>\n\t\t\t\t<\/div>\n\t\t<div class=\"elementor-element elementor-element-0935d36 e-flex e-con-boxed e-con e-parent\" data-id=\"0935d36\" data-element_type=\"container\" data-settings=\"{&quot;content_width&quot;:&quot;boxed&quot;}\" data-core-v316-plus=\"true\">\n\t\t\t\t\t<div class=\"e-con-inner\">\n\t\t\t\t<div class=\"elementor-element elementor-element-e7604db elementor-widget elementor-widget-html\" data-id=\"e7604db\" data-element_type=\"widget\" data-widget_type=\"html.default\">\n\t\t\t\t<div class=\"elementor-widget-container\">\n\t\t\t<iframe src=\"https:\/\/www.google.com\/maps\/embed?pb=!1m14!1m8!1m3!1d10261.02479273321!2d18.354218!3d49.987806!3m2!1i1024!2i768!4f13.1!3m3!1m2!1s0x47115a4be6b474dd%3A0xbf806ab17b82c003!2sKawiarnia%20Angello!5e0!3m2!1spl!2spl!4v1695118134206!5m2!1spl!2spl\" width=\"600\" height=\"450\" style=\"border:0;\" allowfullscreen=\"\" loading=\"lazy\" referrerpolicy=\"no-referrer-when-downgrade\"><\/iframe>\t\t<\/div>\n\t\t\t\t<\/div>\n\t\t\t\t\t<\/div>\n\t\t\t\t<\/div>\n\t\t\t\t\t\t\t<\/div>\n\t\t","protected":false},"excerpt":{"rendered":"<p>Jak do nasz dojecha\u0107?<\/p>\n","protected":false},"author":1,"featured_media":0,"parent":0,"menu_order":0,"comment_status":"closed","ping_status":"closed","template":"","meta":{"_kad_post_transparent":"","_kad_post_title":"hide","_kad_post_layout":"fullwidth","_kad_post_sidebar_id":"","_kad_post_content_style":"unboxed","_kad_post_vertical_padding":"hide","_kad_post_feature":"hide","_kad_post_feature_position":"","_kad_post_header":false,"_kad_post_footer":false,"footnotes":""},"class_list":["post-1240","page","type-page","status-publish","hentry"],"yoast_head":"<!-- This site is optimized with the Yoast SEO plugin v21.1 - https:\/\/yoast.com\/wordpress\/plugins\/seo\/ -->\n<title>Lokalizacja - ANGELLO | Dom Przyj\u0119\u0107 w Rogowie<\/title>\n<meta name=\"robots\" content=\"index, follow, max-snippet:-1, max-image-preview:large, max-video-preview:-1\" \/>\n<link rel=\"canonical\" href=\"http:\/\/angello-rogow.pl\/?page_id=1240\" \/>\n<meta property=\"og:locale\" content=\"pl_PL\" \/>\n<meta property=\"og:type\" content=\"article\" \/>\n<meta property=\"og:title\" content=\"Lokalizacja - ANGELLO | Dom Przyj\u0119\u0107 w Rogowie\" \/>\n<meta property=\"og:description\" content=\"Jak do nasz dojecha\u0107?\" \/>\n<meta property=\"og:url\" content=\"http:\/\/angello-rogow.pl\/?page_id=1240\" \/>\n<meta property=\"og:site_name\" content=\"ANGELLO | Dom Przyj\u0119\u0107 w Rogowie\" \/>\n<meta property=\"article:modified_time\" content=\"2023-09-19T10:12:10+00:00\" \/>\n<meta name=\"twitter:card\" content=\"summary_large_image\" \/>\n<meta name=\"twitter:label1\" content=\"Szacowany czas czytania\" \/>\n\t<meta name=\"twitter:data1\" content=\"1 minuta\" \/>\n<script type=\"application\/ld+json\" class=\"yoast-schema-graph\">{\"@context\":\"https:\/\/schema.org\",\"@graph\":[{\"@type\":\"WebPage\",\"@id\":\"http:\/\/angello-rogow.pl\/?page_id=1240\",\"url\":\"http:\/\/angello-rogow.pl\/?page_id=1240\",\"name\":\"Lokalizacja - ANGELLO | Dom Przyj\u0119\u0107 w Rogowie\",\"isPartOf\":{\"@id\":\"http:\/\/angello-rogow.pl\/#website\"},\"datePublished\":\"2023-09-19T10:11:24+00:00\",\"dateModified\":\"2023-09-19T10:12:10+00:00\",\"breadcrumb\":{\"@id\":\"http:\/\/angello-rogow.pl\/?page_id=1240#breadcrumb\"},\"inLanguage\":\"pl-PL\",\"potentialAction\":[{\"@type\":\"ReadAction\",\"target\":[\"http:\/\/angello-rogow.pl\/?page_id=1240\"]}]},{\"@type\":\"BreadcrumbList\",\"@id\":\"http:\/\/angello-rogow.pl\/?page_id=1240#breadcrumb\",\"itemListElement\":[{\"@type\":\"ListItem\",\"position\":1,\"name\":\"Home\",\"item\":\"http:\/\/angello-rogow.pl\/\"},{\"@type\":\"ListItem\",\"position\":2,\"name\":\"Lokalizacja\"}]},{\"@type\":\"WebSite\",\"@id\":\"http:\/\/angello-rogow.pl\/#website\",\"url\":\"http:\/\/angello-rogow.pl\/\",\"name\":\"Kawiarnia ANGELLO | Rog\u00f3w\",\"description\":\"\",\"publisher\":{\"@id\":\"http:\/\/angello-rogow.pl\/#organization\"},\"potentialAction\":[{\"@type\":\"SearchAction\",\"target\":{\"@type\":\"EntryPoint\",\"urlTemplate\":\"http:\/\/angello-rogow.pl\/?s={search_term_string}\"},\"query-input\":\"required name=search_term_string\"}],\"inLanguage\":\"pl-PL\"},{\"@type\":\"Organization\",\"@id\":\"http:\/\/angello-rogow.pl\/#organization\",\"name\":\"Kawiarnia Angello\",\"url\":\"http:\/\/angello-rogow.pl\/\",\"logo\":{\"@type\":\"ImageObject\",\"inLanguage\":\"pl-PL\",\"@id\":\"http:\/\/angello-rogow.pl\/#\/schema\/logo\/image\/\",\"url\":\"http:\/\/angello-rogow.pl\/wp-content\/uploads\/2023\/09\/cropped-Logo-Angello-2.png\",\"contentUrl\":\"http:\/\/angello-rogow.pl\/wp-content\/uploads\/2023\/09\/cropped-Logo-Angello-2.png\",\"width\":1082,\"height\":430,\"caption\":\"Kawiarnia Angello\"},\"image\":{\"@id\":\"http:\/\/angello-rogow.pl\/#\/schema\/logo\/image\/\"}}]}<\/script>\n<!-- \/ Yoast SEO plugin. -->","yoast_head_json":{"title":"Lokalizacja - ANGELLO | Dom Przyj\u0119\u0107 w Rogowie","robots":{"index":"index","follow":"follow","max-snippet":"max-snippet:-1","max-image-preview":"max-image-preview:large","max-video-preview":"max-video-preview:-1"},"canonical":"http:\/\/angello-rogow.pl\/?page_id=1240","og_locale":"pl_PL","og_type":"article","og_title":"Lokalizacja - ANGELLO | Dom Przyj\u0119\u0107 w Rogowie","og_description":"Jak do nasz dojecha\u0107?","og_url":"http:\/\/angello-rogow.pl\/?page_id=1240","og_site_name":"ANGELLO | Dom Przyj\u0119\u0107 w Rogowie","article_modified_time":"2023-09-19T10:12:10+00:00","twitter_card":"summary_large_image","twitter_misc":{"Szacowany czas czytania":"1 minuta"},"schema":{"@context":"https:\/\/schema.org","@graph":[{"@type":"WebPage","@id":"http:\/\/angello-rogow.pl\/?page_id=1240","url":"http:\/\/angello-rogow.pl\/?page_id=1240","name":"Lokalizacja - ANGELLO | Dom Przyj\u0119\u0107 w Rogowie","isPartOf":{"@id":"http:\/\/angello-rogow.pl\/#website"},"datePublished":"2023-09-19T10:11:24+00:00","dateModified":"2023-09-19T10:12:10+00:00","breadcrumb":{"@id":"http:\/\/angello-rogow.pl\/?page_id=1240#breadcrumb"},"inLanguage":"pl-PL","potentialAction":[{"@type":"ReadAction","target":["http:\/\/angello-rogow.pl\/?page_id=1240"]}]},{"@type":"BreadcrumbList","@id":"http:\/\/angello-rogow.pl\/?page_id=1240#breadcrumb","itemListElement":[{"@type":"ListItem","position":1,"name":"Home","item":"http:\/\/angello-rogow.pl\/"},{"@type":"ListItem","position":2,"name":"Lokalizacja"}]},{"@type":"WebSite","@id":"http:\/\/angello-rogow.pl\/#website","url":"http:\/\/angello-rogow.pl\/","name":"Kawiarnia ANGELLO | Rog\u00f3w","description":"","publisher":{"@id":"http:\/\/angello-rogow.pl\/#organization"},"potentialAction":[{"@type":"SearchAction","target":{"@type":"EntryPoint","urlTemplate":"http:\/\/angello-rogow.pl\/?s={search_term_string}"},"query-input":"required name=search_term_string"}],"inLanguage":"pl-PL"},{"@type":"Organization","@id":"http:\/\/angello-rogow.pl\/#organization","name":"Kawiarnia Angello","url":"http:\/\/angello-rogow.pl\/","logo":{"@type":"ImageObject","inLanguage":"pl-PL","@id":"http:\/\/angello-rogow.pl\/#\/schema\/logo\/image\/","url":"http:\/\/angello-rogow.pl\/wp-content\/uploads\/2023\/09\/cropped-Logo-Angello-2.png","contentUrl":"http:\/\/angello-rogow.pl\/wp-content\/uploads\/2023\/09\/cropped-Logo-Angello-2.png","width":1082,"height":430,"caption":"Kawiarnia Angello"},"image":{"@id":"http:\/\/angello-rogow.pl\/#\/schema\/logo\/image\/"}}]}},"_links":{"self":[{"href":"http:\/\/angello-rogow.pl\/index.php?rest_route=\/wp\/v2\/pages\/1240","targetHints":{"allow":["GET"]}}],"collection":[{"href":"http:\/\/angello-rogow.pl\/index.php?rest_route=\/wp\/v2\/pages"}],"about":[{"href":"http:\/\/angello-rogow.pl\/index.php?rest_route=\/wp\/v2\/types\/page"}],"author":[{"embeddable":true,"href":"http:\/\/angello-rogow.pl\/index.php?rest_route=\/wp\/v2\/users\/1"}],"replies":[{"embeddable":true,"href":"http:\/\/angello-rogow.pl\/index.php?rest_route=%2Fwp%2Fv2%2Fcomments&post=1240"}],"version-history":[{"count":4,"href":"http:\/\/angello-rogow.pl\/index.php?rest_route=\/wp\/v2\/pages\/1240\/revisions"}],"predecessor-version":[{"id":1244,"href":"http:\/\/angello-rogow.pl\/index.php?rest_route=\/wp\/v2\/pages\/1240\/revisions\/1244"}],"wp:attachment":[{"href":"http:\/\/angello-rogow.pl\/index.php?rest_route=%2Fwp%2Fv2%2Fmedia&parent=1240"}],"curies":[{"name":"wp","href":"https:\/\/api.w.org\/{rel}","templated":true}]}}